{"id":2,"date":"2025-08-12T06:25:21","date_gmt":"2025-08-12T06:25:21","guid":{"rendered":"http:\/\/pattesetmains.fr\/?page_id=2"},"modified":"2025-10-27T16:11:15","modified_gmt":"2025-10-27T16:11:15","slug":"sample-page","status":"publish","type":"page","link":"https:\/\/www.pattesetmains.fr\/index.php\/sample-page\/","title":{"rendered":"Nos actions"},"content":{"rendered":"\n<div class=\"wp-block-media-text is-stacked-on-mobile is-image-fill-element\"><figure class=\"wp-block-media-text__media\"><img loading=\"lazy\" decoding=\"async\" width=\"1024\" height=\"683\" src=\"https:\/\/www.pattesetmains.fr\/wp-content\/uploads\/2025\/09\/pexels-julia-m-cameron-6995221-1024x683.jpg\" alt=\"\" class=\"wp-image-456 size-full\" style=\"object-position:50% 50%\" srcset=\"https:\/\/www.pattesetmains.fr\/wp-content\/uploads\/2025\/09\/pexels-julia-m-cameron-6995221-1024x683.jpg 1024w, https:\/\/www.pattesetmains.fr\/wp-content\/uploads\/2025\/09\/pexels-julia-m-cameron-6995221-300x200.jpg 300w, https:\/\/www.pattesetmains.fr\/wp-content\/uploads\/2025\/09\/pexels-julia-m-cameron-6995221-768x512.jpg 768w, https:\/\/www.pattesetmains.fr\/wp-content\/uploads\/2025\/09\/pexels-julia-m-cameron-6995221-1536x1024.jpg 1536w, https:\/\/www.pattesetmains.fr\/wp-content\/uploads\/2025\/09\/pexels-julia-m-cameron-6995221-2048x1365.jpg 2048w\" sizes=\"auto, (max-width: 1024px) 100vw, 1024px\" \/><\/figure><div class=\"wp-block-media-text__content\">\n<p>Nous accompagnons les personnes en d\u00e9tresse (harc\u00e8lement scolaire, isolement, victimes de violences, sans-abri, \u2026) pour leur redonner espoir et dignit\u00e9.<\/p>\n<\/div><\/div>\n\n\n\n<div class=\"wp-block-media-text is-stacked-on-mobile is-image-fill-element\"><figure class=\"wp-block-media-text__media\"><img loading=\"lazy\" decoding=\"async\" width=\"1024\" height=\"768\" src=\"https:\/\/www.pattesetmains.fr\/wp-content\/uploads\/2025\/09\/pexels-mbanov-11408636-1024x768.jpg\" alt=\"\" class=\"wp-image-457 size-full\" style=\"object-position:50% 50%\" srcset=\"https:\/\/www.pattesetmains.fr\/wp-content\/uploads\/2025\/09\/pexels-mbanov-11408636-1024x768.jpg 1024w, https:\/\/www.pattesetmains.fr\/wp-content\/uploads\/2025\/09\/pexels-mbanov-11408636-300x225.jpg 300w, https:\/\/www.pattesetmains.fr\/wp-content\/uploads\/2025\/09\/pexels-mbanov-11408636-768x576.jpg 768w, https:\/\/www.pattesetmains.fr\/wp-content\/uploads\/2025\/09\/pexels-mbanov-11408636-1536x1152.jpg 1536w, https:\/\/www.pattesetmains.fr\/wp-content\/uploads\/2025\/09\/pexels-mbanov-11408636-2048x1536.jpg 2048w\" sizes=\"auto, (max-width: 1024px) 100vw, 1024px\" \/><\/figure><div class=\"wp-block-media-text__content\">\n<p>Nous luttons contre l\u2019abandon et la mis\u00e8re animale en identifiant, st\u00e9rilisant et accompagnant les animaux jusqu\u2019\u00e0 une famille aimante.<\/p>\n<\/div><\/div>\n\n\n\n<div class=\"wp-block-media-text is-stacked-on-mobile is-image-fill-element\"><figure class=\"wp-block-media-text__media\"><img loading=\"lazy\" decoding=\"async\" width=\"1024\" height=\"683\" src=\"https:\/\/www.pattesetmains.fr\/wp-content\/uploads\/2025\/09\/pexels-annetnavi-792775-1024x683.jpg\" alt=\"\" class=\"wp-image-455 size-full\" style=\"object-position:50% 50%\" srcset=\"https:\/\/www.pattesetmains.fr\/wp-content\/uploads\/2025\/09\/pexels-annetnavi-792775-1024x683.jpg 1024w, https:\/\/www.pattesetmains.fr\/wp-content\/uploads\/2025\/09\/pexels-annetnavi-792775-300x200.jpg 300w, https:\/\/www.pattesetmains.fr\/wp-content\/uploads\/2025\/09\/pexels-annetnavi-792775-768x512.jpg 768w, https:\/\/www.pattesetmains.fr\/wp-content\/uploads\/2025\/09\/pexels-annetnavi-792775-1536x1024.jpg 1536w, https:\/\/www.pattesetmains.fr\/wp-content\/uploads\/2025\/09\/pexels-annetnavi-792775-2048x1365.jpg 2048w\" sizes=\"auto, (max-width: 1024px) 100vw, 1024px\" \/><\/figure><div class=\"wp-block-media-text__content\">\n<p>Gr\u00e2ce \u00e0 la m\u00e9diation animale, nous cr\u00e9ons des ponts entre humains et animaux : apaiser, gu\u00e9rir, r\u00e9apprendre \u00e0 faire confiance.<\/p>\n<\/div><\/div>\n\n\n\n<p><\/p>\n\n\n\n<p><\/p>\n\n\n\n<blockquote class=\"wp-block-quote is-layout-flow wp-block-quote-is-layout-flow\">\n<p class=\"has-text-align-center has-large-font-size\">UN accompagnement, c&rsquo;est UNE personne qui retrouve confiance &amp; UN animal st\u00e9rilis\u00e9, CE SONT des dizaines de naissance \u00e9vit\u00e9es <\/p>\n<\/blockquote>\n","protected":false},"excerpt":{"rendered":"<p>Nous accompagnons les personnes en d\u00e9tresse (harc\u00e8lement scolaire, isolement, victimes de violences, sans-abri, \u2026) pour leur redonner espoir et dignit\u00e9. Nous luttons contre l\u2019abandon et la mis\u00e8re animale en identifiant, st\u00e9rilisant et accompagnant les animaux jusqu\u2019\u00e0 une famille aimante. Gr\u00e2ce \u00e0 la m\u00e9diation animale, nous cr\u00e9ons des ponts entre humains et animaux : apaiser, gu\u00e9rir, [&hellip;]<\/p>\n","protected":false},"author":1,"featured_media":0,"parent":0,"menu_order":0,"comment_status":"closed","ping_status":"closed","template":"","meta":{"footnotes":""},"class_list":["post-2","page","type-page","status-publish","hentry"],"_links":{"self":[{"href":"https:\/\/www.pattesetmains.fr\/index.php\/wp-json\/wp\/v2\/pages\/2","targetHints":{"allow":["GET"]}}],"collection":[{"href":"https:\/\/www.pattesetmains.fr\/index.php\/wp-json\/wp\/v2\/pages"}],"about":[{"href":"https:\/\/www.pattesetmains.fr\/index.php\/wp-json\/wp\/v2\/types\/page"}],"author":[{"embeddable":true,"href":"https:\/\/www.pattesetmains.fr\/index.php\/wp-json\/wp\/v2\/users\/1"}],"replies":[{"embeddable":true,"href":"https:\/\/www.pattesetmains.fr\/index.php\/wp-json\/wp\/v2\/comments?post=2"}],"version-history":[{"count":17,"href":"https:\/\/www.pattesetmains.fr\/index.php\/wp-json\/wp\/v2\/pages\/2\/revisions"}],"predecessor-version":[{"id":584,"href":"https:\/\/www.pattesetmains.fr\/index.php\/wp-json\/wp\/v2\/pages\/2\/revisions\/584"}],"wp:attachment":[{"href":"https:\/\/www.pattesetmains.fr\/index.php\/wp-json\/wp\/v2\/media?parent=2"}],"curies":[{"name":"wp","href":"https:\/\/api.w.org\/{rel}","templated":true}]}}